is -11 + -11110?
-100001
In base 9, what is 4 - 117?
-113
In base 5, what is -10 + 12?
2
In base 5, what is -1 - -1204?
1203
In base 7, what is 3 + -646?
-643
In base 3, what is -22 + -21222?
-22021
In base 9, what is -1858 - -3?
-1855
In base 8, what is 3 + 2632?
2635
In base 12, what is 27 - 26?
1
In base 15, what is 3 + 56?
59
In base 12, what is -3 + 80?
79
In base 13, what is -a + -3?
-10
In base 14, what is -10d - 9?
-118
In base 13, what is -5 - -146?
141
In base 10, what is -2 + -24?
-26
In base 4, what is 11 - 1033?
-1022
In base 8, what is -15 + 664?
647
In base 13, what is -3 + -15c?
-162
In base 12, what is -11 + 7?
-6
In base 4, what is 3 + -120?
-111
In base 15, what is -19 - -19?
0
In base 12, what is -2002 - -3?
-1bbb
In base 14, what is 8 + 10?
18
In base 15, what is -3 - -254c?
2549
In base 9, what is 4 - 168?
-164
In base 8, what is 73 + 14?
107
In base 13, what is -69 + 4?
-65
In base 16, what is 298 - -7?
29f
In base 2, what is -1111111 - -111000?
-1000111
In base 11, what is 4 - 26?
-22
In base 8, what is 577 - 5?
572
In base 12, what is -3 + 14?
11
In base 10, what is -15 - 50?
-65
In base 12, what is 8a - 89?
1
In base 10, what is 0 + -351?
-351
In base 7, what is -112 - -2?
-110
In base 3, what is 2 + -200?
-121
In base 14, what is d + -a4b?
-a3c
In base 13, what is 4 - 142?
-13b
In base 5, what is 13201 + -11?
13140
In base 6, what is 2 + -34?
-32
In base 12, what is 829 + 4?
831
In base 4, what is 1130313 + -2?
1130311
In base 14, what is -2d0 + -15?
-305
In base 3, what is 212100 - 11?
212012
In base 4, what is 1122 + -10?
1112
In base 4, what is 20 - 23?
-3
In base 9, what is 4 + -63?
-58
In base 7, what is 3 - -1005?
1011
In base 11, what is a + a?
19
In base 15, what is -13c7 - -2?
-13c5
In base 14, what is -2 + 3bb?
3b9
In base 9, what is -6 + -8?
-15
In base 2, what is 10 + 1011000?
1011010
In base 10, what is 4 + 610?
614
In base 14, what is 0 - 172?
-172
In base 3, what is -10 + -1101?
-1111
In base 6, what is -1 + -1351?
-1352
In base 3, what is -21001 - 12?
-21020
In base 9, what is 28 - -2?
31
In base 2, what is 101100 - -101?
110001
In base 5, what is -1 - -1?
0
In base 7, what is 13 - 131?
-115
In base 9, what is 1044 - -1?
1045
In base 11, what is -31 - 1?
-32
In base 13, what is -82 + -1c?
-a1
In base 11, what is 11 + 20?
31
In base 9, what is 1006 - 18?
877
In base 6, what is 45230 + -2?
45224
In base 3, what is -120 - 221001?
-221121
In base 3, what is 2012 + -202?
1110
In base 16, what is 27 + 1?
28
In base 11, what is 12 + 2?
14
In base 4, what is -11 + -10012?
-10023
In base 13, what is c + a4?
b3
In base 6, what is 244 - 0?
244
In base 6, what is 1 - 235?
-234
In base 5, what is -10 + -42402?
-42412
In base 12, what is 4 + 151?
155
In base 7, what is -3353 - 5?
-3361
In base 11, what is -12 - -2?
-10
In base 11, what is -28 - 111?
-139
In base 2, what is -10101100100 - -10?
-10101100010
In base 3, what is -2 + 100201201?
100201122
In base 9, what is -5 + 30?
24
In base 10, what is 54 + -1?
53
In base 4, what is -1021 - 2?
-1023
In base 5, what is -4 + 230121?
230112
In base 6, what is 2354 - 3?
2351
In base 10, what is 1 - -503?
504
In base 10, what is -4 - 87?
-91
In base 11, what is -6 - 11?
-17
In base 4, what is 1 - -2312?
2313
In base 6, what is -204343 - -5?
-204334
In base 9, what is -15 + 5?
-10
In base 11, what is 0 + 200?
200
In base 16, what is -16 + 0?
-16
In base 8, what is 7 - -1?
10
In base 8, what is 7767 + -2?
7765
In base 4, what is 3013133 - 2?
3013131
In base 6, what is 120 + -11?
105
In base 5, what is 34 - -11?
100
In base 6, what is 5 - 15?
-10
In base 12, what is -10a - -38?
-92
In base 2, what is 1000 + -100?
100
In base 13, what is 2 + -713?
-711
In base 10, what is 5 - -665?
670
In base 14, what is 0 + -662?
-662
In base 4, what is 10123 - 32?
10031
In base 13, what is -289 - -5?
-284
In base 14, what is -14a + -5?
-151
In base 14, what is -7 + 20?
17
In base 11, what is 6 - -37?
42
In base 15, what is -1 + 37?
36
In base 7, what is -12 + 10?
-2
In base 11, what is -4 + -36?
-3a
In base 9, what is 63 - -3?
66
In base 8, what is 2 - 67?
-65
In base 10, what is 16836 + 4?
16840
In base 7, what is 1 - 36?
-35
In base 12, what is -40 - -15?
-27
In base 10, what is -3 - 4295?
-4298
In base 4, what is -30 - 221?
-311
In base 11, what is a935 - 2?
a933
In base 15, what is c - -10?
1c
In base 12, what is 120 - 1?
11b
In base 6, what is -2 - 1134?
-1140
In base 4, what is 21 + -11?
10
In base 15, what is 0 + -139?
-139
In base 3, what is -1 - -11000?
10222
In base 7, what is 0 - 11?
-11
In base 13, what is a + -96?
-89
In base 8, what is 4 - 27?
-23
In base 14, what is 1 + 4c?
4d
In base 8, what is -32 + 5?
-25
In base 7, what is 2 - -154?
156
In base 16, what is 5 - 1b4b?
-1b46
In base 6, what is 1 + 1415?
1420
In base 13, what is 1414 - -2?
1416
In base 8, what is 276 + -4?
272
In base 6, what is -4 + -5322?
-5330
In base 12, what is -21 - 0?
-21
In base 14, what is -1 + 45?
44
In base 12, what is 138 - -47?
183
In base 5, what is -3 + 421?
413
In base 3, what is 10211 - -20022?
101010
In base 8, what is 2 - 1?
1
In base 7, what is 142 - 10?
132
In base 11, what is a3 + -4?
9a
In base 5, what is -41 - -100?
4
In base 5, what is -3 + 13013?
13010
In base 14, what is -4 + ad9?
ad5
In base 7, what is -43 + 11?
-32
In base 13, what is 13 - -6?
19
In base 15, what is -7 + 0?
-7
In base 9, what is -3 + 33?
30
In base 13, what is 17 - 11a?
-103
In base 8, what is -307 + 5?
-302
In base 13, what is -b - 5?
-13
In base 6, what is 4 + -1033?
-1025
In base 9, what is 0 + -56?
-56
In base 11, what is 20426 - -4?
2042a
In base 11, what is -3 + -207?
-20a
In base 6, what is -3 + -311?
-314
In base 9, what is 184 + -6?
177
In base 13, what is 68 - -3?
6b
In base 10, what is -1 - -2008?
2007
In base 9, what is -6 + 37?
31
In base 6, what is -15431 + -14?
-15445
In base 2, what is -1100 + -1000?
-10100
In base 14, what is d1 + 3?
d4
In base 11, what is -111 + -16?
-127
In base 5, what is 1203 + -4?
1144
In base 13, what is 13a + 3?
140
In base 5, what is 10 + -44320?
-44310
In base 8, what is -55 - -133?
56
In base 9, what is 2 - -4444?
4446
In base 7, what is 0 + 15?
15
In base 14, what is -140 + -5?
-145
In base 14, what is -12 - -12?
0
In base 4, what is 11100 - -3?
11103
In base 5, what is -2024 - 10?
-2034
In base 10, what is 30 - -4?
34
In base 16, what is -15 - 9f?
-b4
In base 8, what is -106 - -140?
32
In base 16, what is 544 + 4?
548
In base 16, what is -1 - 0?
-1
In base 15, what is 4 - -a?
e
In base 13, what is 4 - 41?
-3a
In base 7, what is -1 - 654?
-655
In base 10, what is 57 - 3?
54
In base 10, what is -476 + 1?
-475
In base 12, what is -4 + -3a?
-42
In base 13, what is -3 - -504?
501
In base 15, what is 4 + 2?
6
In base 6, what is -5 - -14544?
14535
In base 13, what is -864 - 4?
-868
In base 8, what is 2102 - -5?
2107
In base 4, what is -11130 - -21?
-11103
In base 10, what is 5 - -257?
262
In base 14, what is -3c + 4?
-38
In base 12, what is -554 - -1a?
-536
In base 10, what is -321 + 1?
-320
In base 3, what is -210212211 - 0?
-210212211
In base 15, what is -262 + 4?
-25d
In base 13, what is -1413 + 4?
-140c
In base 2, what is -100001 - 100?
-100101
In base 9, what is 1387 - 2?
1385
In base 9, what is 1804 + -5?
1788
In base 9, what is 261 + -3?
257
In base 15, what is 1c - -396?
3b3
In base 12, what is -1 - -103?
102
In base 9, what is -2 - -60?
57
In base 5, what is -2401 - -2?
-2344
In base 4, what is 1 + -222121?
-222120
In base 13, what is -4 - -37?
33
In base 12, what is 0 + -14?
-14
In base 2, what is 111 + -11010100000?
-11010011001
In base 2, what is -101001011 + -10?
-101001101
In base 15, what is -262 - -4?
-25d
In base 15, what is -98 + 2?
-96
In base 7, what is 3 - 16?
-13
In base 8, what is -4 + -236?
-242
In base 3, what is -20210 - 12?
-20222
In base 8, what is 276 - -1?
277
In base 3, what is 12 - -2202?
2221
In base 2, what is 11100101 + -101?
11100000
In base 8, what is 3 - -13?
16
In base 9, what is 7 + -5?
2
In base 4, what is -3 + 2022?
2013
In base 2, what is 11001 + 1000010?
1011011
In base 9, what is 52 + -61?
-8
In base 4, what is 3 + 32313?
32322
In base 10, what is -4 + -34?
-38
In base 5, what is -14220 - 41?
-14311
In base 10, what is 16 + -3